11*m + 6*m**2 - 6 - m**3. What is the units digit of v(y)?
2
Let u(z) = -33*z + 3. What is the tens digit of u(-1)?
3
Suppose -10 = -5*i - 0. Suppose i*s + 3*r + 0*r = 31, 71 = 4*s + 3*r. What is the units digit of s?
0
Suppose -23 + 105 = 2*r. Suppose 6 = 5*b + r. Let t(p) = -p**3 - 7*p**2 - p - 6. What is the units digit of t(b)?
1
What is the tens digit of (-4944)/(-60) + 4/(-10)?
8
Let t(f) = f**3 - 7*f**2 + 6*f. Let x be t(6). Suppose r + 3 = x, b - 10 - 14 = 4*r. What is the tens digit of b?
1
Let k(b) = b**3 + 3*b**2 - 5*b + 1. Let w be k(-4). Suppose -4*p = -w*v - 149, -4*p - 2*v + 135 = 21. What is the tens digit of p?
3
Let j be (-10)/4*(-92)/5. Let d = j + -26. What is the tens digit of d?
2
Suppose -2*j = -255 - 289. What is the tens digit of (j/(-24))/(2/(-3))?
1
Let v(c) = -5*c**3 + 2*c**2 - c - 1. What is the tens digit of v(-2)?
4
Let t = -1 + 5. Let b(d) = -1 + d + t*d - 4*d. What is the units digit of b(7)?
6
Suppose -2 = -3*j - 32. Let d = 14 + j. What is the units digit of d?
4
Let w(m) = -15*m - 3. Let l be w(-3). Suppose i - l = -5*d - 7, 4*i + 3*d - 191 = 0. What is the units digit of i?
0
What is the units digit of 20/15 + (-338)/9*-3?
4
What is the tens digit of (-6 - 1)*(-8 - -3)?
3
Let g(x) = 11*x - 33. What is the units digit of g(6)?
3
Let i be -19 + 2/(-4)*-2. Let w = i + 29. Suppose -3*g + 33 = 3*n, -5*n + 0*n + w = g. What is the tens digit of g?
1
Let y(l) = l**2 + 4*l + 2. Let b be y(-5). Let i(z) = -z**2 - 5*z - 4. Let d be i(-5). Let f = b + d. What is the units digit of f?
3
Suppose 2 = -4*c - 26. Let r(z) = -z**3 - 5*z**2 + 10*z + 6. What is the tens digit of r(c)?
3
What is the units digit of 1/(3*(-5)/(-1635))?
9
Let y = 2 + -20. What is the units digit of y*(3 + (-7 - -3))?
8
Let b(k) = -k. Let v be b(-4). Suppose 0 = 5*w + 10, -3*a - 2*w = -v*a + 8. Suppose 0 = -a*s - 0*s + 20. What is the units digit of s?
5
Let r = 258 - 165. What is the tens digit of r?
9
Suppose 0 = 3*y - 6*y + 9. Suppose -y*j = j - 32. What is the units digit of j?
8
Suppose y - 280 = -4*x, -2*x + y + 131 + 3 = 0. Suppose -15 = 3*v - x. What is the units digit of v?
8
Let r = 136 + -74. What is the tens digit of r?
6
Suppose 2*u + 65 = 7*u + q, 5*u = -2*q + 70. Suppose 4 = -4*a + u. What is the units digit of a?
2
Let x be (2 - 3)*(2 - 1). What is the units digit of (x - 5)*(-8)/6?
8
What is the units digit of (3 + -2)*268/4?
7
Let y(f) = -9*f**3 - f**3 - 1 + 0*f**3. What is the units digit of y(-1)?
9
Let n(h) = -h**3 - 12*h**2 + 3. Let w be n(-12). Suppose -w*q + 5*q + 3*d = 84, 0 = 4*q + d - 178. What is the units digit of q?
5
Let b(q) = 3*q. What is the units digit of b(2)?
6
Suppose 6*z - 14 - 10 = 0. Let k(y) = 5*y + 6. Let d be k(-4). What is the units digit of (d/3)/(z/(-6))?
7
Let w = 6 - 3. Suppose -4 = -s - w. What is the units digit of s?
1
Let t = -11 - -53. What is the units digit of t?
2
Let m be 0/(-3*2/(-3)). Suppose m = 4*j - 5 - 3. Suppose 5*a + j = 2*g - 0, 5*g = -4*a + 71. What is the tens digit of g?
1
Let j be 1 - -1 - (-5 - 2). Suppose -3*d + 31 = -4*k, -3 = 3*k + j. Suppose -45 = -4*n - n - d*y, -y = 2*n - 17. What is the units digit of n?
8
Let u(i) = -i**3 + 3*i + 2*i**3 + 3 - 8*i**2 - 2*i. Suppose -2*o + x + 14 = 1, 49 = 5*o + 3*x. What is the units digit of u(o)?
1
Let v = -5 - -7. Suppose p = v + 5. Suppose 2*r - r = p. What is the units digit of r?
7
Let v(r) = r**3 - 8*r**2 - 9*r + 6. Let k be v(9). Suppose 8*d = k*d + 60. What is the units digit of d?
0
Suppose 0 = 3*s + 2*s. Let a = 10 - s. What is the units digit of a?
0
Let u = -10 + 10. Suppose l = 4*j - 112, u*l + 112 = 4*j + 2*l. What is the tens digit of j?
2
Let m = 5 - 3. What is the units digit of 11 + (2 - (3 + m))?
8
Let r(h) = 3*h - 8. What is the units digit of r(10)?
2
Suppose 1 = 2*o + 3. What is the units digit of 1/(o/(-2)) + 3?
5
Let g(v) = 44*v**2 + 2*v + 1. What is the units digit of g(-1)?
3
What is the tens digit of -1*(1*-24 - 3)?
2
Suppose g - 42 = 5*d - 212, -3*d = 5*g + 738. Let r be g/(-14) - 10/(-35). Suppose -t = 3*l - r, t - 4 = 2*l - 4*t. What is the units digit of l?
3
Suppose 0 = -2*p - 1 + 9, 4*p = 4*z - 16. Let v = z + -7. What is the units digit of v?
1
Let n(f) be the first derivative of f**3/3 - f**2/2 - f + 2. What is the units digit of n(5)?
9
Suppose 0 = -4*b - 3*w - 24, -2*b - 4*w - 10 = -3*w. Let u be (-4)/(-14) - (-10)/14. What is the units digit of (1/b)/(u/(-3))?
1
Let q = 21 - 18. Suppose 0*l = q*l - 75. What is the tens digit of l?
2
Suppose 52 + 1 = v - 5*u, 4*v = -u + 149. What is the tens digit of v?
3
Suppose 7 = 5*q + 2. Suppose -2*w + 12 = -4*r, r - q = 2*r. Suppose w*x - 17 = -5*s, 4*s = 6*x - x - 11. What is the units digit of s?
1
Suppose 6*s - 2*s = 0. Suppose -3*n + 0*n + 114 = s. Suppose 5*l - n = 22. What is the units digit of l?
2
Suppose 4*o + 30 = -o. Let u = 16 + o. What is the units digit of u?
0
Suppose 5*d - 747 = -4*c, -880 = -5*d - 5*c - 135. What is the hundreds digit of d?
1
Let o(f) = -f**2 + 9*f + 1. Suppose b - 2*j = 16 - 2, -4*b = 2*j - 16. What is the units digit of o(b)?
9
Let s(n) = 4*n - 51. What is the units digit of s(29)?
5
Let f(k) = k**3 + 4*k**2 + 2*k - 3. Let w be f(-3). Suppose -4*d = -2*s + 8, -2*d + 4*s - 14 = -4. Let t = w - d. What is the units digit of t?
1
Let q = -28 + 40. Let o(j) = 20 + 12*j - j**2 - 38 + 2*j. What is the units digit of o(q)?
6
Let a(l) = l**3 + 4*l**2 - 2*l - 5. Let o be a(-4). Let k = 9 + o. What is the tens digit of k?
1
Let k be (0 + -1)/((-4)/(-24)). What is the tens digit of 3 + (-14)/4*k?
2
Let j be -1*((-3)/(-3) - 5). Let q = j - -2. What is the units digit of q?
6
Let n be ((-138)/(-15))/((-1)/5). Let x = n - -82. What is the tens digit of x?
3
Let i be (6/10)/((-2)/10). What is the units digit of 1/(4*i/(-60))?
5
Let j = 71 + -51. What is the tens digit of j?
2
Suppose -3*n + 274 = 3*g + 2*g, 5*n - 4*g = 432. What is the tens digit of n?
8
Let m(p) = -p - 8. Let f be m(-11). Let u(l) = 4*l**2. Let y(t) = -5*t**2. Let d(a) = f*u(a) + 2*y(a). What is the units digit of d(-2)?
8
Let w(z) = 9*z**3 - 2*z**2 + z + 1. Let b(k) = -8*k**3 + 3*k**2 - k - 2. Let c(j) = 3*b(j) + 4*w(j). What is the tens digit of c(1)?
1
Let m = 21 + -2. What is the units digit of m?
9
Let d(b) = -20*b**3 + b**2. Let q be d(-1). Suppose -y + 2*y + 3*h = 9, -q = 3*y - 3*h. Let u(z) = -z + 2. What is the units digit of u(y)?
5
Suppose 4*o = 3*p - 14, p - 2*o = -3*p + 22. Suppose 2*j = 20 + p. What is the units digit of j?
3
Let v be (0 - 0)*(0 + -1). Let p be (-3 + v)*1/3. Let a(d) = 8*d**2 + d. What is the units digit of a(p)?
7
Suppose 0 = -0*g + 4*g. Suppose f + 48 = 4*v - 3*f, g = f - 3. What is the tens digit of v?
1
Let a = -9 - -17. What is the units digit of a?
8
Let i(q) = -2*q + 6. Let l(s) = s**2 + 17*s + 16. Let g be l(-16). What is the units digit of i(g)?
6
Suppose -5*f + 5 = -4*f. What is the units digit of f?
5
Let n be (-2)/8 - (-3)/12. Suppose 5*s - 507 + 147 = n. Suppose -3*w + s = w. What is the tens digit of w?
1
Suppose 0*i = -6*i + 516. What is the tens digit of i?
8
Let n(j) = -j - 7. Let p be n(-7). Suppose v - 5*t - 23 - 8 = 0, p = -2*t - 4. What is the units digit of v?
1
Let z be 3/(-9) + (-8)/(-6). Suppose -2*f = z - 9. Let w(h) = -h**3 + 6*h**2 - 7*h + 4. What is the units digit of w(f)?
8
Suppose 0*a - 1 = -a. What is the units digit of 0 + (2 + -1)*a?
1
Let n(t) = t**3 + 9*t**2 + 3. Let c = 17 + -26. Let j be n(c). Let g = j - 2. What is the units digit of g?
1
Suppose 0*s + 18 = 3*s. Suppose 0 = 2*l + 2*f + 4, l + f = s*l - 14. Suppose 3 = -l*i + 5. What is the units digit of i?
1
What is the units digit of ((-4)/(-2))/(-2)*-1?
1
Let t(r) = 5*r**3 + 23*r**2 - 6*r + 11. Let s(x) = 2*x**3 + 8*x**2 - 2*x + 4. Let q(j) = 8*s(j) - 3*t(j). What is the units digit of q(5)?
9
Suppose -3*t + 2*x - 37 = 0, 0*x - 47 = 3*t - 4*x. Let w = t - -14. What is the units digit of w?
5
Let i(r) = -2*r - 4. Let w be (5 - 2)/(1*-1). Let f be i(w). Let j(l) = l**3 - 2*l**2 + l. What is the units digit of j(f)?
2
Suppose 4*t - 37 = 2*o - 7, -2*t = -4*o. Let m(j) = 2*j + 3. What is the tens digit of m(t)?
2
Suppose 2*f - 4*x = 4*f - 206, 5*f + 5*x - 490 = 0. What is the tens digit of f?
9
Suppose 33 = m + 4*t, -3*t + 125 = 5*m + 11. What is th